-2 + 1)).
-2
Calculate -2 + ((1 - 0) + -3 - 5).
-9
What is the value of 0 + (0 - 2 - -4)?
2
(5 - -6 - 6) + -1
4
-10 - 0 - -3 - -11
4
What is -4 + 7 + -2 + -1?
0
What is the value of (2 + -13 - -2) + 5 - 0?
-4
What is the value of 2 - (-1 + 7 - 9)?
5
Calculate 3 - (-10 + 19 + 5).
-11
Evaluate (-17 + 4 - -17) + 0.
4
Calculate -9 + (21 - 7) + -3 + -1.
1
(7 - (3 - (-2 + 2))) + 0
4
Evaluate 8 - (3 + 0 - 0).
5
Calculate 5 + 8 + -12 + (-1 - 2).
-2
Calculate -2 + 4 - (-8 + 8 + -2).
4
Evaluate -6 - (-5 + (-4 - -7)).
-4
What is 5 + -5 + -2 + (2 - 1)?
-1
What is 10 + -5 + 1 + 8 + -14?
0
What is (-3 - 6) + 5 - (-6 + 0)?
2
-1 - (0 + (4 + -5 - -3))
-3
3 - (1 - -15 - 5)
-8
(-4 - (-7 + 1)) + -4
-2
-2 - 2 - (-16 + 7)
5
Calculate -1 + 6 + (2 - 3).
4
Calculate -6 + -2 + -41 + 41.
-8
What is the value of 4 + (5 - -5) + -7?
7
Calculate 0 - 10 - (-37 + 27).
0
Evaluate -3 + -2 + 9 + -3.
1
What is the value of 0 + -1 + (4 - 0 - 1)?
2
Calculate -1 - (0 - -2 - 2) - 4.
-5
-7 + 0 + 11 + -3
1
What is the value of -4 + -2 + 0 + 2 + 5?
1
Calculate 2 + (4 - 5) - 0 - -4.
5
5 + -11 + -4 + (10 - 4)
-4
Calculate 8 - (-3 + (4 - 6) + 8).
5
Evaluate 4 - 0 - 6 - 2.
-4
What is the value of (-12 - -3) + 12 - -1?
4
Calculate 11 - 5 - 11 - (-8 + 1).
2
Evaluate (50 - 57 - (1 + -6)) + -5.
-7
Evaluate (12 - (-2 + 5) - 6) + -1.
2
What is the value of 3 + (0 - (-4 - -4))?
3
What is the value of 4 + 2 + -4 + -5?
-3
-8 + (-2 - -4) - (-11 + 10)
-5
-3 + 5 + -1 + 0
1
What is 3 + -3 + 4 + 1?
5
What is the value of (9 - (0 + 9)) + (1 - 0)?
1
-3 + (3 + -3 - -9) - 1
5
What is the value of (7 - 3) + -14 + 6?
-4
Calculate 8 + 0 + -11 + -2.
-5
What is (7 - 3) + -6 + -1?
-3
What is 8 - 1 - (15 + -5 - 7)?
4
0 + (-2 - -2) - (5 + -2)
-3
What is the value of 4 + 0 + -5 - -3?
2
What is the value of (0 - (3 - 1)) + (6 - 2)?
2
What is 0 + 2 + (0 - 3) + 5?
4
Evaluate 40 + -42 + -6 + 3 + -4.
-9
Evaluate -3 - -2 - (-14 - -16).
-3
Calculate (-3 - -5) + (1 - 3) + 2.
2
1 + (1 - (2 - 0))
0
What is (1 - 0) + 4 + -5?
0
-4 + -6 + 0 + 4 - 1
-7
Calculate -2 + -5 + -8 + 14.
-1
Calculate 3 + -4 - -3 - (0 - 4).
6
What is the value of -6 - -4 - (0 + (-1 - -1))?
-2
(2 - 6) + 2 + (5 - 9)
-6
Calculate (30 - 29) + -3 + -1.
-3
What is (129 - 137) + 4 + -1?
-5
What is the value of -31 - -7 - -9 - -10?
-5
Evaluate (-3 - -6) + -1 + -4.
-2
Calculate -10 - (4 - 1 - 8).
-5
Calculate -1 - (-4 + 1) - -2 - 2.
2
What is the value of -3 + (0 - 3 - -10) + -3?
1
What is the value of -12 - -7 - (1 + (-1 - 1))?
-4
What is 13 + 7 + 3 + -19?
4
What is the value of -7 - (0 + -1 + 0 - 1)?
-5
(1 - (10 + -9)) + -5
-5
Calculate (-2 - (1 + -3)) + -2 + 2.
0
What is the value of -2 + 1 + (-16 + 9 - -6)?
-2
What is -2 + (1 - (8 - 3 - 1))?
-5
What is the value of (-6 - (2 - 4)) + -2 + 7?
1
0 + (-2 + 2 - (-36 - -43))
-7
Evaluate 5 - 0 - (3 - (-1 + 5)).
6
What is -3 - 0 - (23 + -22)?
-4
Calculate 2 + 0 + -5 - (4 - 6).
-1
What is 0 + 4 + (3 + -1 - 5)?
1
What is -6 - -4 - (3 + -7 - 0)?
2
Calculate -3 + 4 - ((0 - 3) + -1).
5
What is the value of 1 - (0 - (-1 + -1) - 3)?
2
Evaluate 4 - (-7 - (-19 + 6)).
-2
Calculate -3 + (-1 - -1 - -3).
0
What is -10 - -4 - (-15 - -10)?
-1
0 + (-4 - 2) - -1 - -5
0
What is the value of -23 + 3 - -9 - (-1 + -6)?
-4
Calculate -5 - (-1 - (4 - 2)).
-2
What is (3 + -12 - -4) + -6 + 3?
-8
What is 4 - (5 - 4 - -6) - -8?
5
Evaluate -7 + 6 + 3 - (1 + -1).
2
What is the value of (3 - 1) + (-17 - -18)?
3
Calculate -3 + -1 - (-3 + 1).
-2
6 + (-3 - (-10 - -9))
4
Evaluate 5 + -7 - (2 - 4).
0
Calculate 2 - ((-3 - -2) + 1).
2
Evaluate -1 + (3 + -1 - (-5 - -2)).
4
Evaluate -3 - (0 - -6 - 6).
-3
Calculate (4 + -1 - -1) + (-170 - -171).
5
-3 - (-2 - 0) - (-17 + 17)
-1
What is the value of -1 + -2 - (-12 - -7 - -3)?
-1
Calculate -5 - (-12 - (-7 + 11 + -5)).
6
-3 + -1 - (-10 - -6)
0
Evaluate -3 + 0 + (2 - -2 - 4).
-3
What is the value of 21 + -25 + (2 - 2)?
-4
Calculate (-7 - -3) + 5 + -1 + -7.
-7
Calculate -6 - (8 + -11 - 8).
5
Calculate 1 + (2 - 0) - 7.
-4
What is 0 - -1 - (-2 + 1 + 5)?
-3
Calculate 2 + (-5 - 0) + -1.
-4
What is 5 - (9 + -6 - -3)?
-1
-1 - (3 + (-5 - 6))
7
What is the value of 6 - (10 + -9 + 4)?
1
What is the value of -7 - (-1 + 2) - -4?
-4
Evaluate -1 + (7 + 3 + -5 - 5).
-1
What is 1 + (-1 - (2 - -1))?
-3
1 + 5 + 1 + -9
-2
What is the value of 5 + (-3 + (-5 - -4) - 2)?
-1
2 - 3 - 0 - (-12 - -14)
-3
Calculate 1 + 1 + -4 + 5.
3
What is the value of -1 - ((-1 - -2) + (28 - 30))?
0
8 + -3 + (-7 - -4)
2
What is (-12 - -12) + (-4 - -1)?
-3
What is the value of 4 - (7 + -5 - 3)?
5
Calculate 0 + 0 + 4 + -6.
-2
What is 4 + -5 - (0 + 3 - 3)?
-1
1 + -3 + (-2 - 1)
-5
Calculate -4 + (-11 + 4 - -14).
3
Calculate -1 + -7 + (-6 - 4 - -14).
-4
Calculate 3 - 0 - ((-8 - -12) + -3).
2
Evaluate -7 + 2 + (-12 - -22 - -3).
8
What is the value of 5 + -3 - 2 - -3?
3
Evaluate 27 + -24 + (-8 - -1).
-4
Calculate 5 - (7 - 6 - 0).
4
(4 - 6 - -2) + 4
4
Calculate 148 + -149 - (0 - 5).
4
Calculate 9 - 9 - (-1 + 1 - 6).
6
What is (1 - -1) + (197 - 190)?
9
(-6 + 4 - -4) + 2
4
What is the value of (-3 - (-2 - 2)) + 4?
5
(-22 - -29) + -12 - (3 - 1)
-7
What is -1 + -1 - (5 + 4 + -6)?
-5
What is the value of 4 - (1 - 3 - (1 - 12))?
-5
-6 + 11 - (-2 + 6)
1
What is (6 - -5 - -5) + -7?
9
What is the value of -7 - -14 - 8 - (-1 + 0)?
0
Calculate 28 + -15 + 3 + -13.
3
-2 + 0 + (1 - -3)
2
3 + (1 - (-1 + 1))
4
What is -2 - (-30 + 8 - -12)?
8
What is -8 + 8 - 6 - -8?
2
What is the value of 5 + (-2 - 1) - (0 - -1)?
1
What is the value of (-1 + (2 - 0) - -8) + -4?
5
Calculate -1 - 3 - 9 - (4 - 11).
-6
Calculate -5 + 4 + 5 + -6.
-2
Calculate 5 + -2 - (14 + -4 + -4).
-3
Evaluate 2 + (3 - 3) - 6.
-4
What is the value of (2 - -8 - -1) + -6?
5
Calculate 2 + -5 - (-1 - -2).
-4
What is 7 - (1 - (-13 - -4) - -5)?
-8
What is -1 + -4 + 2 + 3 + -2?
-2
(2 - -1) + -5 + -2 + 5
1
2 - -1 - 0 - 6 - -2
-1
-4 + 12 + -5 + -2
1
Calculate 4 - -1 - (-5 + 8 + -3).
5
What is -12 + 20 - (1 - -2)?
5
Evaluate 2 + -4 - (7 + -6).
-3
Evaluate -5 + -1 - (5 + (-2 - 6)).
-3
What is -6 + (-1 - (-3 - 3))?
-1
What is 3 + -5 + (7 - (2 - -1))?
2
What is the value of (-8 - 2 - -18) + -14?
-6
What is -5 + -9 + 7 + -2?
-9
2 - (-8 + 10) - 6
-6
What is the value of -3 - (-11 - -5) - (1 + -2)?
4
Evaluate 6 + -6 - (-5 - (-2 - -2)).
5
-7 + (3 - 1 - -1)
-4
Evaluate -7 - (1 + 10 + -3 + -7).
-8
Evaluate 1 - (6 - (8 + -4)).
-1
What is the value of -6 + 2 + 8 - (0 - -2)?
2
(5 - 7) + (-24 - -20)
-6
Calculate 1 - (-1 + 1 + 2).
-1
9 - 12 - (-1 + 2)
-4
-11 + (7 - 10 - -3)
-11
Evaluate -3 + 4 + 8 - 5 - -1.
5
What is 13 + -14 + (3 - (-4 + 10))?
-4
What is the value of -8 - 0 - (-4 - (3 - 3))?
-4
What is the value of 3 - (-6 - (4 - 6 - 0))?
7
-2 + -1 + 2 + 5
4
What is -4 - (-1 + 3 - (4 + -1))?
-3
What is the value of 1 - (-5 - (2 + -13))?
-5
What is 0 + 11 + -5 + 1 + -2?
5
Evaluate -11 - (-8 + -1 + 3).
-5
What is the value of -7 + -1 + 0 + 3 + 4?
-1
-1 + (-5 - 0) + 5
-1
What is the value of -5 + -1 + 6 + -5 - -3?
-2
What is the value of 15 - (11 + (-4 - -1))?
7
What is -1 - (4 - (-4 - (3 - 8)))?
-4
Calculate (0 - 5) + 2 + -1.
-4
0 - (-12 - -15 - (-1 + 2))
-2
Evaluate (-1 - -1) + -12 + 3 + 4.
-5
Evaluate (-8 - -9) + 0 + (0 - -2).
3
What is (-13 - -4 - -13) + -9?
-5
-4 + 8 + (-4 - -2) + -2
0
Calculate (-6 - -9 - -5) + -2.
6
1 - -2 - (2 + -6 + 2)
5
Evaluate 7 - (4 - (9 - 6)).
6
-5 - ((3 - -8) + -23)
7
Calculate 7 + (2 - (0 - 5 - -8)).
6
Calculate 5 - 2 - 4 - 4 - 0.
-5
-1 + -3 - (2 + 6 - 14)
2
What is the value of -8 - 0 - (-17 - -22 - 5)?
-8
Evaluate -5 - (17 - 16 - (0 + 4)).
-2
Evaluate (-2 - -7) + 4 + -6 - 6.
-3
1 - (-6 + (6 + -8 - -4))
5
Calculate -1 + 0 + 10 + -4.
5
What is the value of -2 - -3 - (-20 - -20)?
1
Calculate 2 + (-1 - 1) + -4.
-4
What is the value of (-1 - (3 - (6 - -2))) + -9?
-5
What is the value of (0 - (2 + (3 - 2))) + 3?
0
Calculate -2 - 1 - (3 - -1 - 7).
0
Calculate -5 + (-1 - 1) + 3 - 0.
-4
What is the value of 3 + -6 + (-9 - -5 - 0)?
-7
Calculate -1 + 5 + -9 + (16 - 12).
-1
2 + (-5 - -2) + 3 + -1
1
What is the value of -4 + (-4 - -5) + 3?
0
-6 + 16 + 0 + 0
10
Evaluate -8 - (1 + 5 + -9) - 0.
-5
Evaluate (0 - -1) + (-61 - -53).
-7
What is the value of (2 - 2) + -1 - 1?
-2
What is -2 - ((-3 - -4) + -4)?
1
What is the value of 101 + -104 - (-6 + 1)?
2
Evaluate -6 - (0 - (-10 - -6) - 4).
-6
Evaluate 1 + 2 + -1 + 1.
3
